-21))/(2/a). Suppose -4*l - 2*l = -d. What is the tens digit of l?
5
Let r = 19 - 17. Let t = 83 + 44. Suppose 5*f = r*u - t, -f - 209 = -4*u - 0*f. What is the tens digit of u?
5
Let l(i) = i**2 - 34*i - 237. What is the units digit of l(49)?
8
Suppose -5*g + g + 20 = 2*k, 2*k = -2*g + 14. Suppose -g*b - 2*q + 664 = 2*b, -5*b - 3*q + 661 = 0. What is the hundreds digit of b?
1
Suppose -2 = -t - 0*t. Suppose 25 = -5*k, 2*b + t*b + 3*k - 357 = 0. What is the tens digit of b?
9
Let n be -3 + -2 + -2 + 14. Let c = -42 + n. Let z = c + 65. What is the units digit of z?
0
Suppose 0 = -3*k - 2*i - 2, -12 = 5*i - 2*i. Let v(m) = 4*m + 5 + 3*m**2 - 5*m**2 + m**k + 7*m**2. What is the tens digit of v(-2)?
2
Suppose 6911 = 8*o + 1279. What is the units digit of o?
4
Suppose -4*y + 30 = y. Suppose 0 = -y*j + 4*j + 176. Suppose 0 = -5*n + n + j. What is the units digit of n?
2
Let q(b) = -404*b - 300. What is the hundreds digit of q(-6)?
1
Let f be 3/(2*9/78). Let j = 22 - f. Suppose 2*w - m = 7, -2*w + 0*m + j = m. What is the units digit of w?
4
Let n = 6 - 9. What is the units digit of (5 + n - 43)/(-1)?
1
Let h = -202 - -502. What is the units digit of h?
0
Suppose 3*f = -l - 2, 2*f + l + l = 4. Let c be (-44)/(-33)*(-3)/f. Suppose -20 + c = -2*d. What is the units digit of d?
9
Suppose 0 = n - 2*n - 2*c - 6, n + 16 = 3*c. Suppose -2*t + l - 476 = 0, t + 4*l + 238 = -0*t. What is the tens digit of t/(-18) - n/(-45)?
1
Let s(h) = -h**3 + 7*h**2 + 9*h - 3. Let y be s(9). Let l = 141 + y. What is the tens digit of l?
5
Let y = 201 + 8. What is the tens digit of y?
0
Let p(o) = -3*o**2 + 17 - 19 + 2*o**2 - 12*o + 9. Let c(m) = -m**3 - 6*m**2 - 5*m + 1. Let b be c(-4). What is the tens digit of p(b)?
1
Suppose 2*i - 5*j - 280 = -i, -4*i + j + 396 = 0. What is the tens digit of i?
0
Suppose 0 = -w + 29 - 11. Let z(v) = 3*v**2 + 11*v - 6. Let r be z(-5). Let u = w - r. What is the units digit of u?
4
Let s(m) = -m + 33. Let d(a) = -17. Let f(u) = 5*d(u) + 3*s(u). Let h be f(-9). Suppose 2*j - 3*i - 77 - h = 0, 4*i = 3*j - 179. What is the tens digit of j?
6
Let i = 18 + -16. Suppose -i*g - a = -4*a - 230, 0 = -5*g + a + 549. What is the units digit of g?
9
Suppose -t = k + 1, -4*k - t + 4*t - 39 = 0. Let j be (3/((-3)/(-4)))/(-1). Let d = j - k. What is the units digit of d?
2
Suppose -2*x = 5*q - 775, 41*x - 4*q = 43*x - 780. What is the tens digit of x?
0
Suppose -2*m = -7*m + 15. Suppose 205 + 8 = m*s. What is the units digit of s?
1
Let t = -166 + 608. Let b = t + -218. What is the hundreds digit of b?
2
Let j(c) = 64*c + 1489. What is the units digit of j(-14)?
3
Let s = -84 + 28. What is the tens digit of 4/((-8)/2) - s?
5
Let z = -49 - -52. Suppose b - 6*b - 5 = 0, z*b = -4*f + 725. What is the hundreds digit of f?
1
Suppose 0 = -10*z + 11*z - 145. Let d = -20 + z. What is the hundreds digit of d?
1
Suppose -12 = -5*x - 2. Let k(z) = 1. Let u(l) = -l**3 - 2*l**2 + l + 5. Let g(f) = 5*k(f) - u(f). What is the units digit of g(x)?
4
Let s = -13 + -5. Let c be s/81 - 58/(-18). Suppose c*a = -a + 40. What is the units digit of a?
0
What is the tens digit of 7604/8*(-22)/(-11)?
0
Let m = 37 - 24. Let b = -8 + m. What is the units digit of b?
5
Suppose 10*b - 48*b + 39216 = 0. What is the tens digit of b?
3
Suppose -w + 66 = -8. Let j = 111 - w. What is the units digit of j?
7
Suppose 26*y + 1164 = 28*y. What is the hundreds digit of y?
5
Let w be (-4)/18 - 114/(-27). Suppose -4*f = -w*h, -h - 4*h = -2*f - 3. Let x = 3 - f. What is the units digit of x?
2
What is the hundreds digit of -11 - -14 - (3 + -4 - 1116)?
1
What is the thousands digit of 1499/((-18)/(-24)*(-8)/(-18))?
4
Let u = -12 + 12. Let z(n) = -n**2 - 2*n + 20. What is the tens digit of z(u)?
2
Suppose 3*a - 246 = -0*a - 5*i, 4*i = -2*a + 166. Suppose 325 - a = 4*l. What is the units digit of l?
2
Let a(s) be the second derivative of s**7/360 - s**5/60 + s**4/6 - 6*s. Let r(f) be the third derivative of a(f). What is the units digit of r(2)?
6
Let m be 0 - ((-4 - -3) + -68). Suppose 3*o - c = m, 2*o - 2*c = -5*c + 57. What is the units digit of o?
4
What is the tens digit of ((-273)/104)/21 - 1033/(-8)?
2
Let t be (4 - 3/9) + (-2)/3. Let g(k) = k + 0*k**2 + 3*k**2 - 2*k - 4. What is the units digit of g(t)?
0
What is the hundreds digit of (2 + -1)*(-10)/(30/(-4161))?
3
Suppose -3*d + 524 = d. Suppose 0 = -3*n + 106 + d. What is the units digit of n?
9
Let x(z) = 3*z**2 + z - 1. Let w be x(1). Suppose 3*q - w = 0, 3*n - q - 19 = q. What is the units digit of n?
7
Suppose -45 = -5*a + 35. Suppose 5*t - a = 4. Suppose -32 = -t*j + 92. What is the units digit of j?
1
Suppose t = 3*t - 2*n - 2, -3*t - 1 = -5*n. Suppose t*w - 4*l - 16 = -w, 4*l = -4. What is the units digit of w/2*44/3?
2
Let y = -8128 - -12670. What is the hundreds digit of y?
5
Let t(b) = -23*b - 12 - 6*b - 5*b. What is the units digit of t(-4)?
4
Suppose 5*m - 2 + 97 = 0. Let i(s) = -11*s - 38. What is the units digit of i(m)?
1
Suppose -4*k + 17 = n, -1 = k - 0*k - 5*n. Suppose -s + 0*s + 5 = k*j, 3*s - 15 = -5*j. What is the units digit of s?
5
Let l(d) = 3*d**2 + 4*d - 6. Let c(x) = -x**2 - x. Let q(g) = 2*c(g) + l(g). What is the units digit of q(-8)?
2
Suppose 5*j - 3*p + 2*p = 21, 13 = j + 2*p. Suppose -l + c = -37, 2*c + 2*c + 189 = j*l. What is the units digit of l?
1
Suppose -2*j = -5*d + 605, 7*d - 4*j = 2*d + 615. Suppose 0 = 3*y - h - 0*h - 350, y = -2*h + d. What is the hundreds digit of y?
1
Let x(s) = -8*s - 1. Let b(z) = -z + 1. Let n be b(0). Suppose v - 5 = 3*c - 0, 0 = 5*c - 4*v - n. What is the units digit of x(c)?
3
Let k(p) = -p**3 - 15*p**2 - 21. Let z be k(-16). Suppose 4*i = 3*n + z, -215 = -2*i - 2*i - n. What is the units digit of i?
5
Let l(a) = -3*a**2 - 15*a. Let d be l(-3). Let o(y) = 4*y - 44. What is the tens digit of o(d)?
2
Suppose -4*v = 2*m - 3646, -4*v - 4*m + 1713 + 1931 = 0. Suppose -9*n = -3*n - v. What is the units digit of n?
2
What is the thousands digit of (0 + -2)/((-106)/316145)?
5
Suppose -344*b + 355*b - 2453 = 0. What is the tens digit of b?
2
Let u(d) = d**2 - 2. Let r be u(2). Suppose -c + 7 = -x + c, 10 = r*x + 2*c. What is the units digit of x?
1
Suppose -5273 = -24*h + 4183. What is the hundreds digit of h?
3
Suppose 12*t + 4*t - 11664 = 0. What is the units digit of t?
9
What is the tens digit of 4 - -10*56/48*45?
2
Suppose -5*q = -10 - 5. Let x(d) = -2*d**2 - 35*d + 39*d + 2 - d**q + 5*d**2. What is the units digit of x(-2)?
4
Suppose -2*b + 439 = -3*n - 7*b, -467 = 3*n - 2*b. Let z = 358 + n. What is the units digit of z?
5
Suppose -10*y = -8*y - 4, 4*a = -4*y + 2692. What is the hundreds digit of a?
6
Let g(p) = p**3 + 10*p**2 + 8*p + 3. Let z be g(-9). Let o = -6 + z. What is the units digit of (o/5)/(1/30)?
6
Let o be (-9)/24 - (-825)/24. Let h = o + 212. What is the units digit of h?
6
Suppose 12*s = 7*s. Suppose -5*f + 1181 - 256 = s. Suppose 0 = -0*m - 5*m + f. What is the units digit of m?
7
Let k(c) = -c**2 + 2*c + 6. Let z be k(3). Let r(q) = 2*q**2 - 2. What is the units digit of r(z)?
6
Suppose -18*y + 21*y = 1995. Suppose 0 = 13*g - 2784 + y. What is the hundreds digit of g?
1
Let w(z) = -z + 11. Let s be w(11). Suppose -3*p + s*p = -96. Let k = p - 3. What is the units digit of k?
9
Let v(s) = s**3 + 15*s**2 + 13*s - 4. Let c be v(-14). What is the units digit of ((-7)/(-5) - 2)*(-2850)/c?
1
Let l = 2 - 14. Let j be 3/6 - l/8. What is the tens digit of 15 - (j - 0/3)?
1
Let l be (-5 - (3 - 7)) + 3. Let v = 66 + l. Let t = v - 33. What is the units digit of t?
5
Suppose 13*q + q - 6720 = 0. Suppose 0*r = -5*r + q. What is the units digit of r?
6
Suppose -5*y + 7905 = 9*t - 4*t, 7*t - 3157 = -2*y. What is the hundreds digit of y?
5
Let b(i) = -3*i**2 + 12*i + 44 - 70 - i**2 + 6*i**2. What is the units digit of b(-12)?
8
Let w be (-26 + 5)*2/3. What is the tens digit of (-4)/w - 243/(-7)?
3
Let a(p) = p**3 - p**2 - 2. Let n be a(0). Let t be -3 + (-2 - n) + 3. Suppose 5*f = -t*f + 75. What is the units digit of f?
5
Suppose -56*d + 49597 = -55571. What is the tens digit of d?
7
Suppose a - 1960 + 402 = 3*x, 5*a = 4*x + 7801. What is the thousands digit of a?
1
Let n(c) = 20*c**3 + c**2 - 3*c + 2. Let z be n(1). Suppose -z*p + 115 = -15*p. Let v = p + 45. What